se 4?
-11031
Convert -1100012 (base 3) to base 15.
-452
Convert 1044 (base 8) to base 12.
398
Convert -a764 (base 13) to base 11.
-16503
Convert 430 (base 11) to base 8.
1005
What is -31564 (base 7) in base 14?
-2bdb
-1111100001 (base 2) to base 5
-12433
Convert -c61 (base 16) to base 7.
-12145
What is -11929 (base 11) in base 7?
-100555
What is -21102322 (base 4) in base 6?
-452134
-10100001011 (base 2) to base 10
-1291
What is 13200 (base 5) in base 11?
875
Convert -111010112 (base 3) to base 5.
-301242
What is -156 (base 10) in base 8?
-234
124 (base 8) to base 14
60
294 (base 12) to base 16
190
225 (base 6) to base 7
155
2745 (base 8) to base 7
4254
Convert -1066 (base 12) to base 16.
-70e
What is a52c (base 16) in base 5?
2323114
-1204 (base 5) to base 16
-b3
1c0 (base 16) to base 5
3243
Convert -132314 (base 5) to base 3.
-21022120
What is -43454 (base 6) in base 13?
-2974
What is -287 (base 14) in base 9?
-627
1bc (base 15) to base 12
296
-19a51 (base 13) to base 14
-1437c
-100000001001 (base 2) to base 11
-1600
Convert 107 (base 12) to base 16.
97
Convert 3031 (base 5) to base 4.
12013
Convert -113010 (base 6) to base 3.
-111100020
-241415 (base 7) to base 4
-22223321
What is 3674 (base 11) in base 8?
11300
5585 (base 14) to base 11
10150
What is -320100 (base 4) in base 7?
-13332
What is 10a (base 14) in base 15?
db
303 (base 12) to base 7
1161
51727 (base 9) to base 3
1201210221
What is -120644 (base 8) in base 10?
-41380
45 (base 6) to base 14
21
Convert -130133 (base 6) to base 5.
-333341
1003102 (base 4) to base 14
17d8
Convert 1100011110 (base 2) to base 8.
1436
Convert -2593b (base 12) to base 2.
-1100100011111111
211231 (base 4) to base 5
34123
21655 (base 7) to base 2
1010101100111
-53450 (base 7) to base 10
-13265
What is 4372 (base 9) in base 5?
100344
6500 (base 7) to base 12
13bb
Convert 6485 (base 9) to base 15.
1635
What is -111010001 (base 2) in base 15?
-210
-153012 (base 7) to base 13
-10782
What is -40 (base 9) in base 8?
-44
-2510 (base 12) to base 8
-10134
What is 13605 (base 9) in base 7?
35636
Convert 1110011010000101 (base 2) to base 6.
1133113
Convert 15210 (base 6) to base 4.
212112
What is 18888 (base 13) in base 16?
b9f1
What is -33000 (base 4) in base 5?
-12320
Convert -326a (base 11) to base 3.
-12220200
Convert a81 (base 11) to base 9.
1703
4433 (base 8) to base 10
2331
Convert -222002100 (base 3) to base 4.
-10221021
94ac (base 14) to base 2
110010000100000
498 (base 14) to base 9
1230
161 (base 7) to base 11
84
Convert -3124 (base 5) to base 6.
-1530
What is 25661 (base 8) in base 13?
5125
Convert 933 (base 16) to base 4.
210303
What is 516 (base 7) in base 8?
402
Convert 143 (base 11) to base 5.
1133
-2437 (base 15) to base 8
-17026
10011010111101 (base 2) to base 7
40625
What is -90d1 (base 14) in base 15?
-7589
Convert 375e (base 16) to base 5.
423144
Convert 110001010000001 (base 2) to base 13.
b62a
64214 (base 7) to base 13
7301
260 (base 8) to base 2
10110000
What is 301 (base 7) in base 14?
a8
52d (base 15) to base 3
1121021
-1010101 (base 3) to base 12
-584
2365 (base 8) to base 11
a54
What is -4242 (base 6) in base 7?
-2543
1312 (base 8) to base 7
2040
426 (base 9) to base 16
15c
Convert 26a (base 11) to base 10.
318
Convert -594 (base 14) to base 12.
-786
31304 (base 5) to base 2
100000011111
Convert -188 (base 11) to base 10.
-217
61 (base 11) to base 6
151
What is 4022 (base 6) in base 2?
1101101110
What is -466 (base 7) in base 9?
-301
1001020002 (base 3) to base 10
20576
315420 (base 7) to base 3
2210002200
Convert -4015 (base 7) to base 6.
-10224
5c60 (base 16) to base 10
23648
What is -51e5 (base 15) in base 16?
-43a3
What is -36c (base 15) in base 2?
-1100001001
What is cb (base 16) in base 2?
11001011
Convert -4a3f (base 16) to base 7.
-106262
-10431410 (base 5) to base 14
-25b18
-9d1c (base 14) to base 3
-1101102000
Convert -5a1 (base 12) to base 8.
-1511
-5114 (base 6) to base 10
-1126
What is 25100 (base 8) in base 2?
10101001000000
What is 1182 (base 9) in base 3?
1012202
What is -512134 (base 6) in base 2?
-1001111011011010
Convert -11010131 (base 4) to base 14.
-77d3
What is -28832 (base 9) in base 12?
-b43b
Convert -1645 (base 8) to base 11.
-779
-1f71 (base 16) to base 7
-32316
Convert -101000100 (base 2) to base 12.
-230
-1521 (base 6) to base 8
-631
-441230 (base 5) to base 7
-62200
What is -a46 (base 13) in base 14?
-8cc
Convert -1843 (base 9) to base 10.
-1416
Convert 1102102 (base 3) to base 5.
13122
What is 10000 (base 4) in base 3?
100111
What is 1587 (base 9) in base 4?
102331
What is 118c3 (base 14) in base 4?
22132103
-128 (base 11) to base 2
-10010111
Convert 12032 (base 8) to base 14.
1c38
-36445 (base 10) to base 11
-25422
Convert 10f (base 16) to base 8.
417
What is 7a35 (base 12) in base 5?
413302
Convert -120101 (base 4) to base 3.
-2010112
-14437 (base 8) to base 15
-1d8b
10201 (base 3) to base 6
244
Convert -4da (base 14) to base 5.
-12401
24904 (base 12) to base 9
75134
487 (base 13) to base 14
403
a5 (base 11) to base 10
115
241 (base 10) to base 9
287
144b9 (base 12) to base 15
8610
What is 1161 (base 7) in base 11?
366
14364 (base 10) to base 4
3200130
Convert 22115 (base 6) to base 7.
11645
Convert -14011 (base 5) to base 16.
-46b
What is -4699 (base 10) in base 13?
-21a6
a9 (base 12) to base 8
201
a500 (base 14) to base 10
28420
What is a152 (base 11) in base 16?
34b0
What is -11321 (base 5) in base 11?
-6a0
69b (base 15) to base 14
78c
-55 (base 11) to base 8
-74
Convert -72aa (base 12) to base 4.
-3003202
What is -41323 (base 5) in base 12?
-16a1
-3144 (base 13) to base 3
-100100110
What is -23221 (base 4) in base 12?
-521
What is -10413 (base 5) in base 16?
-2dd
Convert -354e (base 15) to base 4.
-2300330
-42306 (base 10) to base 5
-2323211
171 (base 13) to base 7
522
Convert 158a (base 12) to base 13.
1216
What is 18 (base 10) in base 8?
22
123121 (base 5) to base 11
3661
What is 1015 (base 12) in base 4?
123101
2277 (base 8) to base 14
62b
What is 4d28 (base 15) in base 12?
963b
Convert -40195 (base 11) to base 14.
-175d3
32400 (base 5) to base 13
1022
What is 11624 (base 7) in base 8?
5760
83f (base 16) to base 15
95b
Convert 1350 (base 6) to base 7.
1014
Convert 8 (base 12) to base 15.
8
-23 (base 11) to base 9
-27
What is -2020112 (base 3) in base 14?
-84a
What is 615 (base 7) in base 14?
17c
What is 4b7 (base 13) in base 15?
3a1
Convert 3105 (base 7) to base 15.
4c3
-505244 (base 6) to base 15
-bd0a
Convert -1462 (base 8) to base 12.
-582
Convert 6913 (base 13) to base 4.
3211333
What is 35167 (base 9) in base 6?
300354
1322a (base 11) to base 10
18908
-1c56 (base 13) to base 14
-17cc
What is 6466 (base 8) in base 3?
11122021
What is -42a (base 14) in base 16?
-336
-2639 (base 10) to base 5
-41024
25109 (base 11) to base 9
54424
Convert -1071 (base 8) to base 6.
-2345
Convert 104725 (base 9) to base 5.
4000210
What is -31130 (base 4) in base 16?
-35c
207463 (base 8) to base 12
34217
134014 (base 6) to base 3
122012101
Convert -61c4 (base 13) to base 8.
-32307
What is 107471 (base 9) in base 11?
44543
Convert 524 (base 7) to base 6.
1115
Convert -20366 (base 7) to base 3.
-20212002
Convert 834 (base 9) to base 16.
2a7
-555 (base 8) to base 10
-365
Convert 223103 (base 6) to base 2.
100100110001111
What is 125 (base 10) in base 11?
104
What is 1302211 (base 4) in base 7?
30244
Convert -13d (base 16) to base 15.
-162
-2875a (base 11) to base 13
-15789
What is 13222 (base 5) in base 15?
4ac
What is 44617 (base 10) in base 6?
542321
4a3b (base 15) to base 4
3312332
-12687 (base 12) to base 13
-b5b4
Convert 101110000 (base 2) to base 3.
111122
What is 374 (base 15) in base 9?
1061
What is 3444 (base 9) in base 16?
9f7
What is 1a02 (base 12) in base 5?
100140
47873 (base 10) to base 13
18a37
What is -400044 (base 5) in base 16?
-30ec
What is 108b (base 13) in base 12?
1408
What is -50015 (base 6) in base 9?
-8812
67 (base 11) to base 5
243
Convert 4afc (base 16) to base 11.
13471
Convert 20520 (base 8) to base 2.
10000101010000
Convert -1b09 (base 14) to base 15.
-16c4
132 (base 8) to base 5
330
What is 1110111000 (base 2) in base 3?
1022021
Convert 340530 (base 6) to base 4.
13000212
Convert 9cb (base 16) to base 7.
10211
What is -1b91 (base 12) 